{"version":"1.0","provider_name":"Sing Out Brussels!","provider_url":"https:\/\/singout.brussels\/fr\/","author_name":"singoutbrussels","author_url":"https:\/\/singout.brussels\/fr\/author\/singoutbrussels\/","title":"United. Time to protect our rights - Sing Out Brussels!","type":"rich","width":600,"height":338,"html":"<blockquote class=\"wp-embedded-content\" data-secret=\"rPx4CLfJlU\"><a href=\"https:\/\/singout.brussels\/fr\/2025\/05\/29\/united-time-to-protect-our-rights\/\">United. Time to protect our rights<\/a><\/blockquote><iframe sandbox=\"allow-scripts\" security=\"restricted\" src=\"https:\/\/singout.brussels\/fr\/2025\/05\/29\/united-time-to-protect-our-rights\/embed\/#?secret=rPx4CLfJlU\" width=\"600\" height=\"338\" title=\"\u00ab\u00a0United. Time to protect our rights\u00a0\u00bb &#8212; Sing Out Brussels!\" data-secret=\"rPx4CLfJlU\" frameborder=\"0\" marginwidth=\"0\" marginheight=\"0\" scrolling=\"no\" class=\"wp-embedded-content\"><\/iframe><script>\n\/*! This file is auto-generated *\/\n!function(d,l){\"use strict\";l.querySelector&&d.addEventListener&&\"undefined\"!=typeof URL&&(d.wp=d.wp||{},d.wp.receiveEmbedMessage||(d.wp.receiveEmbedMessage=function(e){var t=e.data;if((t||t.secret||t.message||t.value)&&!\/[^a-zA-Z0-9]\/.test(t.secret)){for(var s,r,n,a=l.querySelectorAll('iframe[data-secret=\"'+t.secret+'\"]'),o=l.querySelectorAll('blockquote[data-secret=\"'+t.secret+'\"]'),c=new RegExp(\"^https?:$\",\"i\"),i=0;i<o.length;i++)o[i].style.display=\"none\";for(i=0;i<a.length;i++)s=a[i],e.source===s.contentWindow&&(s.removeAttribute(\"style\"),\"height\"===t.message?(1e3<(r=parseInt(t.value,10))?r=1e3:~~r<200&&(r=200),s.height=r):\"link\"===t.message&&(r=new URL(s.getAttribute(\"src\")),n=new URL(t.value),c.test(n.protocol))&&n.host===r.host&&l.activeElement===s&&(d.top.location.href=t.value))}},d.addEventListener(\"message\",d.wp.receiveEmbedMessage,!1),l.addEventListener(\"DOMContentLoaded\",function(){for(var e,t,s=l.querySelectorAll(\"iframe.wp-embedded-content\"),r=0;r<s.length;r++)(t=(e=s[r]).getAttribute(\"data-secret\"))||(t=Math.random().toString(36).substring(2,12),e.src+=\"#?secret=\"+t,e.setAttribute(\"data-secret\",t)),e.contentWindow.postMessage({message:\"ready\",secret:t},\"*\")},!1)))}(window,document);\n\/\/# sourceURL=https:\/\/singout.brussels\/wp-includes\/js\/wp-embed.min.js\n<\/script>\n","thumbnail_url":"https:\/\/singout.brussels\/wp-content\/uploads\/2025\/05\/TBK_9672-e1748512177868.jpg","thumbnail_width":1920,"thumbnail_height":1079,"description":"Notre chorale a particip\u00e9 \u00e0 la Brussels Pride le 17 mai 2025. En chantant sur sc\u00e8ne ou dans la parade, nous avons fait r\u00e9sonner le th\u00e8me de cette ann\u00e9e, plac\u00e9e sous le signe de l\u2019unit\u00e9 et de la protection de nos droits."}

Notre chorale a participé à la Brussels Pride le 17 mai 2025. En chantant sur scène ou dans la parade, nous avons fait résonner le thème de cette année, placée sous le signe de l’unité et de la protection de nos droits.
